j = 25, 3*w + 5*j + 31 = 4. Let z be 9/(-2)*(w - -2). Suppose -5*i - 21 - z = -g, 16 = 2*g + i. What are the prime factors of g?
2, 5
Let l(z) = -11*z - 32. What are the prime factors of l(-6)?
2, 17
Let m(h) be the second derivative of h**4/12 - h**3/6 + h**2/2 + 3*h. Let u be m(0). List the prime factors of (u - (-3)/(-15))*15.
2, 3
Suppose -8*l = -10*l. Suppose l = 3*j - 3*n - n - 5, 2*j = -2*n + 8. What are the prime factors of j?
3
Let o = -3 + 5. Suppose o*u + l - 28 = 0, -6*u + 2*u + 44 = -l. List the prime factors of u.
2, 3
Let m(i) = -i**2 + 12*i - 8. List the prime factors of m(9).
19
Let n = 90 - 52. List the prime factors of n.
2, 19
What are the prime factors of -4*25/30*(-534)/20?
89
Suppose -5*w + 14 + 1 = 0. Suppose -a + 80 = y + 2*a, 2*a - 361 = -5*y. Suppose w*z - y = -32. What are the prime factors of z?
13
Let t = 9 + -9. Let p be ((-3)/5)/((-2)/10). Suppose -2*z + p*l + 35 = t, 2*z - 43 = -z - 5*l. List the prime factors of z.
2
Suppose 4*l + 16 = -4*z, 0 = 4*l - z - 4 - 5. List the prime factors of (l*-26)/(-7 - -5).
13
Let f be 2/8 - 115/(-4). Let z = f - 16. Let s = z - 7. List the prime factors of s.
2, 3
Suppose 0 = 2*v - 2, 4*v - 30 = -4*g + 54. Suppose -4*d = -0*d + g. List the prime factors of (-52)/(-10) + d/25.
5
Let k = -64 + 92. Let z = 49 - k. Suppose -5*r - 3*p + z = -2*r, 5*r - 3*p = 19. List the prime factors of r.
5
Let k(n) = 2*n + 2. Let g = -6 - -4. Let m be (9/6)/(g/(-8)). What are the prime factors of k(m)?
2, 7
List the prime factors of (-788)/(-2)*4/8.
197
Let l = 20 + -10. Let y = -2 + l. Let t = y + -2. What are the prime factors of t?
2, 3
Suppose -2*a - 44 = -x, 3*x - 3*a - 10 = 128. Suppose z + 3*z = x. What are the prime factors of z?
2, 3
Suppose 5*o = z - 80, -3*o + 5*o + 2 = 0. What are the prime factors of z?
3, 5
Let k = -8 - -5. Let l(d) = 5*d**2 + 4*d - d**3 - 4 + 2*d**3 + 5 + 1. What are the prime factors of l(k)?
2
Suppose 0 = -3*u - u + d + 54, -5*u + 59 = 3*d. List the prime factors of u.
13
Let z(q) = -183*q**3 - q**2 + 2*q + 2. List the prime factors of z(-1).
2, 7, 13
Suppose 2*w + 212 = 5*j, j - 52 = -5*w + 3*w. What are the prime factors of j?
2, 11
Let l(v) be the third derivative of v**6/120 + v**4/12 - v**3/6 + 2*v**2. List the prime factors of l(1).
2
Suppose 5*v + 13 = -2*j + 2*v, -2*j - 1 = -v. What are the prime factors of 4/j*(-21)/6?
7
Let s = -6 - -3. Let r be (s/(-2))/((-2)/(-4)). List the prime factors of -4*(15/(-4))/r.
5
List the prime factors of 4/(-7) + 327/21.
3, 5
Suppose -3*c - 2*c = -110. Let n = c + -7. What are the prime factors of n?
3, 5
Let f = -2 - -6. Suppose -5*y - f*m - 23 - 29 = 0, 3*y + 15 = 3*m. Let d(k) = k**3 + 7*k**2 - 9*k. List the prime factors of d(y).
2
Let f = 19 + -29. Let o = 12 + f. List the prime factors of o.
2
List the prime factors of 1/(2 + 689/(-345)).
3, 5, 23
Let q = 9 + -7. List the prime factors of 6/(-12) - (-23)/q.
11
Suppose 5*g + 489 = -541. List the prime factors of g/(-13) - (-4)/26.
2
Let j be (-1)/(-2*1/4). Let n be (-66)/(1*(j + -1)). Let d = -47 - n. What are the prime factors of d?
19
Suppose -11 = 3*m - 296. List the prime factors of m.
5, 19
Let f be 2*(-2)/4 - -3. Suppose -55 = f*t - 7*t. List the prime factors of t.
11
Suppose 3*g - u - 4 = -0, 2*g + 2*u - 8 = 0. Suppose 0 = g*c - 4 - 50. Suppose 3*k - c = 21. List the prime factors of k.
2
Let i(a) = -a**2 + 9*a - 6. What are the prime factors of i(7)?
2
Suppose 14 = -5*i - 6. Let k = 3 - i. What are the prime factors of k?
7
Let i(k) = 3*k + 3. Let u be i(2). Let a = 31 - u. What are the prime factors of a?
2, 11
Let l(b) = b**2 + 8*b - 1. Let d be l(-7). Let j = d - -8. Suppose j = 5*k - 10, -a + 2*a - 5*k = 0. What are the prime factors of a?
2, 5
Let t be (-16)/(-9) - (-2)/9. Let b = 10 + 6. Suppose -3*u = -t*u - b. List the prime factors of u.
2
Let l(t) = t**2 + 5*t - 1. List the prime factors of l(-7).
13
Let p(j) = -2*j + 0*j**3 - 2*j**2 + 2*j**3 + j**2 - 3*j**3 - 2. List the prime factors of p(-2).
2, 3
Let k(n) = -n**2 + 6*n - 5. List the prime factors of k(2).
3
Suppose 4*k = 206 + 210. What are the prime factors of k?
2, 13
Suppose 413 = 5*b + 4*c, 2*b = 2*c - 0*c + 176. List the prime factors of b.
5, 17
Let q be (-10)/3 - 2/3. Let u = q - -12. List the prime factors of u.
2
Suppose -5*j + 162 = 5*h - 18, -5*j + h = -192. What are the prime factors of j?
2, 19
Let i be (-6)/(-4)*(-8)/(-3). What are the prime factors of (-11)/(-6) + i/24?
2
What are the prime factors of (-10)/55 - (3 + 534/(-33))?
13
Suppose 4*t = -0*t + 92. Suppose -35 = -5*m - 0*q + 5*q, 3*m = 4*q + t. List the prime factors of m.
5
Suppose x = -4*x - 5*u + 65, 4*x - 3*u - 52 = 0. Let i = x + -8. List the prime factors of i.
5
Let b(k) = 0*k + 1 - 14*k + 2*k. Let g(o) = -o**3 + 6*o**2 + 7*o - 1. Let i be g(7). What are the prime factors of b(i)?
13
Let n(h) = -h + 7. Suppose -2*g + 8 = -0*g. Let y be n(g). Suppose -2 = y*s - 44. What are the prime factors of s?
2, 7
Let k be 3 + 4*(-1)/(-2). Suppose 2*p = 6, -40 = -2*y - 3*p + k*p. Let a = y - 5. What are the prime factors of a?
2, 3
Let l(x) = x + 5. Let f(u) = -u - 4. Let c(k) = 2*f(k) + 3*l(k). Let t be (-1 + 0)*-1 - 5. What are the prime factors of c(t)?
3
Let i(l) = -l**3 - 5*l**2 + 5*l - 1. Let x be i(-6). Let m(k) = -2*k - 3*k + 4*k + 9 + 0*k. List the prime factors of m(x).
2
Let y be 0/((1 - -1)/1). Let d be (0/(-1 + 2))/2. Suppose y = 4*s - d*s - 40. What are the prime factors of s?
2, 5
Suppose 4 = 3*d - d. Let k(r) = r**2 - 5*r - 4. Let i(n) = -2*n**2 + 6*n + 5. Let b(y) = -3*i(y) - 4*k(y). List the prime factors of b(d).
13
Let p(v) = 0 - v + 0 - 1. Let x be p(-5). Suppose 18 = k - 2*z, -x*k + k = 4*z - 14. List the prime factors of k.
2, 5
Suppose -13 = 6*g - 121. List the prime factors of g.
2, 3
Let c be (-2)/4*0/4. Let u be ((-3)/3 + c)*-2. List the prime factors of 5*(-1 - -2)*u.
2, 5
Suppose -4 = 4*y - 12. Let u(d) = 6 - d + y*d + 5. List the prime factors of u(-6).
5
Let m(b) = 2*b - 3. Let l be m(5). Suppose -5*t = 3*j - 0 - l, 4*t + 8 = j. What are the prime factors of j?
2
List the prime factors of (0 - -71*1)/(-6 - -7).
71
Suppose -a = -4*a + 24. Suppose -a*r + 3*r + 15 = 0. What are the prime factors of r?
3
Let z(p) = -9*p - 1 + 18*p - 7*p. List the prime factors of z(4).
7
Let x(h) = -3*h + 0*h + 2*h + 7. List the prime factors of x(0).
7
Let t = -9 - -9. Suppose 4*c - 5*d - 3 - 15 = t, 0 = 5*c - d - 12. Suppose -5*m + 2*a + 28 = 0, -m + c*a - 4 = 4*a. What are the prime factors of m?
2
Suppose 6*s - s - 310 = 0. List the prime factors of s.
2, 31
Let r(s) = s - 3. Let g be r(3). Let p = -4 - -7. Suppose p*t - 7*t + 28 = g. List the prime factors of t.
7
Let x = -30 + 34. What are the prime factors of x?
2
What are the prime factors of -29*(-4)/(-8)*-2?
29
Let j(s) = -s**2 + 3*s + 22. Let m(p) = 2*p**2 - 7*p - 44. Let h(u) = 7*j(u) + 3*m(u). List the prime factors of h(0).
2, 11
Let v = -95 - -190. List the prime factors of v.
5, 19
Let h(f) = 3*f - 1. Let v be h(1). Suppose -4*x = -4*q + 36, 11 = -q - 6*x + v*x. List the prime factors of q.
5
Let y(m) = m**3 + 10*m**2 - 5*m + 18. What are the prime factors of y(-9)?
2, 3
What are the prime factors of (-3)/(12/(-88)) - 0?
2, 11
Let j = -12 - -9. Suppose 2*t = 3*z + 12, 5*z - 4*t + 14 = -4. List the prime factors of j/z + 50/4.
13
Let q(w) = -w**2 + 4*w. Let u be q(5). Let j(i) = -8*i - 4. List the prime factors of j(u).
2, 3
Let b = -54 - -100. What are the prime factors of b?
2, 23
Let w be (-5)/(-2) + (-1)/2. Suppose c + 18 = -4*l, -4*c - w*l - 1 - 1 = 0. List the prime factors of 2*c/(-4)*-12.
2, 3
Let z = 52 + 25. What are the prime factors of z?
7, 11
Let f(k) = k**3 - 11*k**2 + 12*k - 1. List the prime factors of f(10).
19
Let x(n) = n + 3. Let s = 2 - -2. Let b be x(s). Suppose f = b + 5. List the prime factors of f.
2, 3
Suppose 0 = 2*t + 3*f - 11, -2*t + 5*t - 36 = 2*f. Suppose u + u = t. List the prime factors of u.
5
Let r(o) = -o**2 + 21*o + 8. What are the prime factors of r(9)?
2, 29
Suppose -2*s = 2*s. Let l = 7 + 4. Suppose 0 = -k + l - s. List the prime factors of k.
11
Let t(o) be the third derivative of o**5/60 - o**4/24 - 2*o**3/3 + o**2. What are the prime factors of t(-4)?
2
Let c(x) = 10*x**3 + 28*x**2 + 3*x - 20. Let v(b) =